rime factors of f.
2, 3
Let b = -279 + 488. Let k = 303 - b. List the prime factors of k.
2, 47
Let m = 14 + -23. List the prime factors of (-57)/m - (-1)/((-12)/(-8)).
7
Let l = 4 + -4. Suppose -6*d + 25 + 437 = l. What are the prime factors of d?
7, 11
Let t(i) = 12*i + 116. List the prime factors of t(32).
2, 5
Suppose -18*l + 739 = -539. What are the prime factors of l?
71
List the prime factors of (45/(-21))/(-5) - 12822/(-21).
13, 47
Suppose -2*j + 4*j - 4 = 0. Let f be 2*4/(-8) + 4. Suppose 4 = f*d - j. What are the prime factors of d?
2
Let d be (-12)/(-30)*(1 - 2*-2). List the prime factors of d/(-1*4/(-144)).
2, 3
Let v be 12/2 - (13 - 14). Let l(p) = p**3 - 4*p**2 - 6*p. List the prime factors of l(v).
3, 5, 7
Let f = 68 - 1. Let s = -9 + f. What are the prime factors of s?
2, 29
Let x be ((-2)/(-4))/((-2)/(-72)). Suppose -2*v - 10 + x = 0. Suppose 0 = v*w - 0*w - 12. What are the prime factors of w?
3
Suppose -2*i = -5*a + 130, -5*a = -3*a - i - 51. Let r be a/42 + 44/(-3). Let m = r - -71. What are the prime factors of m?
3, 19
Let r be (1696/4)/(-4)*-6. Let c = r + -452. What are the prime factors of c?
2, 23
Let i = -105 + 16. Let z = i + 64. List the prime factors of (-2)/(-2 - -4)*z.
5
Suppose -2*r - 3*q = -592, -590 = -3*r + r - 4*q. What are the prime factors of r?
13, 23
Let i(h) = h**2 - 3*h - 2. Let w be i(2). Let b(g) = -g**3 - 5*g**2 - 3*g + 4. Let z be b(w). Suppose 0 = 5*y - z*y - 60. What are the prime factors of y?
2, 3
Suppose 3*c - 2*n = -5 - 1, -5*c - 5*n = 35. What are the prime factors of (c/8)/((-1)/218)?
109
Let s = -588 + 2236. What are the prime factors of s?
2, 103
Let k(f) = 24*f + 19. What are the prime factors of k(17)?
7, 61
Let a = 2 + 4. Suppose a*m - 920 = m. Suppose 0*b - 5*j = 4*b - m, -4*j = 2*b - 98. List the prime factors of b.
41
Let p(g) = -g**3 - 24*g**2 - 30*g + 17. Suppose -44 = 9*i + 163. List the prime factors of p(i).
2, 89
Let g = -110 + 45. Let i(k) = k**3 + 16*k**2 + 36*k + 1. Let y be i(-14). Let z = g - y. What are the prime factors of z?
2, 23
Let d(m) = 375*m - 4. Let k be d(-4). List the prime factors of k/(-44) + 8/(-44).
2, 17
Let z be (-76)/19*230/8. Let s = z - -219. What are the prime factors of s?
2, 13
Suppose 0*b = 3*b + 18. Let u(o) = -8*o + 6. What are the prime factors of u(b)?
2, 3
Let g be (8/5)/((-8)/(-20)). Suppose g*u + u = 10. Suppose q + u*v = 5*q - 160, 107 = 3*q + 5*v. List the prime factors of q.
3, 13
Let y(q) = 23*q + 13. Let u(b) = -11*b - 7. Let g(n) = 9*u(n) + 4*y(n). What are the prime factors of g(-8)?
3, 5
Let g be 22*((-4)/(-8) - 1). Let v be (g - -9)*3/2. Let z(l) = l**3 + 4*l**2 - 2*l + 2. List the prime factors of z(v).
17
Let m(u) be the second derivative of u**5/20 - u**4/12 - 2*u**2 + 5*u. Let z be m(0). What are the prime factors of (2/z)/((-7)/28)?
2
Let r(y) be the third derivative of -y**6/120 + 3*y**5/20 + y**4/4 - y**3/3 + 6*y**2. What are the prime factors of r(9)?
2, 13
Let s = 160 + -61. Let z = s + 45. List the prime factors of z.
2, 3
Suppose -3*w - 5*v = 6, 0*w - 2*w - 3 = 3*v. Let z(t) = 7*t - 2*t**3 + 2*t**2 - 4*t**2 + 4 - t**2 + t**w. What are the prime factors of z(-5)?
19
Let s(p) = -p**2 + 11*p + 5. Let x be s(11). Suppose x*h - l = 24 + 206, -10 = 2*l. What are the prime factors of h?
3, 5
Suppose -d - 4 = -0. Let m = d - -8. Let o(c) = -c**3 + 4*c**2 + 4*c + 4. List the prime factors of o(m).
2, 5
Let m(b) = -1 + 6*b - 4 - 4*b - 13*b. Suppose -5*k + 0*k = 30. List the prime factors of m(k).
61
List the prime factors of 6/8 + 9423/108.
2, 11
Let y(g) = g**2 - 11*g - 26. Let t be y(14). Suppose f = -t + 87. What are the prime factors of f?
71
Let x(a) = a**3 - a**2 + 2*a + 155. Let c be (-1)/(-2) + 12/(-24). List the prime factors of x(c).
5, 31
Let t(y) = y**2 + 10*y + 2. Let f be t(-10). Let g be f - -12*(1 + 1). Suppose 0 = 2*w + w - l - 56, -5*l + g = 2*w. List the prime factors of w.
2, 3
Suppose 97 + 82 = 5*l + p, 2*l = -5*p + 90. Let h be 1/4 - 327/12. Let w = h + l. What are the prime factors of w?
2
Let b be (1 + 0)/(((-35)/5)/14). List the prime factors of (200 - -7) + b*1.
5, 41
Suppose 135*d = 137*d + 40. Let o be (6/(-9))/2*21. Let g = o - d. What are the prime factors of g?
13
Let l = 2164 + 1932. List the prime factors of l.
2
Let f be 45 + (-1)/((-2)/(-6)). Suppose 0 = -2*m + 6*j - 3*j - 37, -4*j + 20 = 0. Let g = f + m. What are the prime factors of g?
31
Suppose -2*m + 1233 = -f, -m + 5*f + 318 = -312. List the prime factors of m.
3, 5, 41
Suppose 0 = u + 3*u + 5*a - 1, 1 = u + a. Suppose 6*j = u*j + 192. List the prime factors of j.
2, 3
Let y be (-4 - -1)/(1/(-4)*2). Suppose -y*f + 103 = -101. What are the prime factors of f?
2, 17
Let d(h) = h**3 + 3*h**2 - 4*h. Let j be d(-4). Suppose -5*a + 8 + 22 = j. Suppose 0 = v - 12 - a. What are the prime factors of v?
2, 3
Let x(f) = f**3 - 7*f**2 + 5*f + 5. Let v be x(6). Let t = v + -2. List the prime factors of t + 1 - (-35 - 8).
41
Suppose 2*y = -2*k, -3*y + 20 = -k - k. What are the prime factors of (-2 - (-10)/3)*306/y?
2, 3, 17
Suppose -1327 = -9*m + 2948. What are the prime factors of m?
5, 19
Let x = 26 - 36. Let f(u) = 2*u**2 + 10*u - 17. List the prime factors of f(x).
83
List the prime factors of 21304/24 - (-32)/(-12).
3, 5, 59
Suppose h - 87 = -3*p + 7, 0 = 5*h + 10. Let v = p - 29. Let x(y) = y**3 - 4*y**2 + 5*y - 2. What are the prime factors of x(v)?
2
Suppose -4*t + 3*t = 0. Suppose 3*r - 4*i + 0*i - 165 = t, r - 4*i - 47 = 0. List the prime factors of r.
59
Suppose -m = q - 1127, 0 = -3*m - q + 2591 + 798. What are the prime factors of m?
3, 13, 29
Let i = -9 + 14. Suppose i = -2*k - 1. What are the prime factors of (-53)/(-7) - k/7?
2
Suppose -3*o + 4*r = -132, 2*o - 6*o = 4*r - 204. Suppose 0*l = 3*l - 2*c - 89, 0 = -l - 3*c + o. What are the prime factors of l?
3, 11
Let a = -12 + 15. Suppose -a*b = -5*y + 4*y + 72, 2*y = -4*b + 114. List the prime factors of (2 + 16/(-12))*y.
2, 3, 7
Let a(p) = -10*p + 5. Let x(k) = k - 1. Let g(w) = -a(w) - 4*x(w). Let y be g(1). Suppose 101 = y*u - 109. List the prime factors of u.
2, 3, 7
List the prime factors of ((-938)/(-4))/(-7)*-16*5.
2, 5, 67
Suppose 0*z + 30 = -5*z. Let j(l) = -l**3 - 6*l**2 - 15*l - 5. What are the prime factors of j(z)?
5, 17
Let j(b) = 3*b**2 - 8*b - 157. What are the prime factors of j(25)?
2, 3, 11, 23
Let r(p) = p - 7. Let g be r(11). Suppose -4*t - 58 = 3*u, -2 + 10 = g*u. Let q = 29 + t. List the prime factors of q.
13
Let x(r) = 5*r**2 + 4*r + 4. Let u(v) = -3*v**3 - 2*v**2 + 3*v - 1. Let y be u(1). What are the prime factors of x(y)?
37
Suppose 0 = -c - 4*u + 1040, -5 = 16*u - 15*u. What are the prime factors of c?
2, 5, 53
Suppose 3 = r - 0. Suppose -r*h + 74 = -100. List the prime factors of h.
2, 29
Suppose 4*y + y - 1475 = 0. List the prime factors of y.
5, 59
Suppose 4*p - 412 = 48. What are the prime factors of p?
5, 23
Let s be 3*5/15 - -1. Suppose 5*g + s = 152. What are the prime factors of g?
2, 3, 5
List the prime factors of ((-3)/6)/(26/(-71240)).
2, 5, 137
Suppose -2*n + 17 - 1 = -h, 0 = -4*n - h + 32. Suppose y - w + n = 0, -3*y + w - 28 = -10. Let k = y + 43. List the prime factors of k.
2, 19
Suppose 0 = 3*x + 4*s - 702 - 1517, -5*x - 2*s + 3717 = 0. What are the prime factors of x?
5, 149
Let x = -63 + 45. List the prime factors of (-4)/(-6) + (-4 - 2490/x).
3, 5
Let m(x) = 69 - 85 + 6*x + 15*x. What are the prime factors of m(7)?
131
Suppose 32 = 4*t - 20. Let h(r) = 3*r + 2. List the prime factors of h(t).
41
Suppose j = -2*j. Let m(z) = z**3 - 3*z**2 - 3*z. Let c be m(4). Suppose j*w = -2*w + c. What are the prime factors of w?
2
What are the prime factors of ((36360/16)/9)/(1/6)?
3, 5, 101
Let c be (-3682)/(-8) - (-1)/4*-1. Suppose -309 - 148 = -4*q - 3*w, 4*w - c = -4*q. List the prime factors of q.
2, 7
Let k = 1276 + 1010. List the prime factors of k.
2, 3, 127
Let m be -6*8/36*-372. Suppose 4*c + 845 = 5*o, -c = -5*o + 349 + m. What are the prime factors of o?
13
Suppose 4*n - 27 = -5*w, -2*w + 3 = -0*w - n. Suppose 196 = 3*p - 8. Suppose -w*j + p = j. What are the prime factors of j?
17
Let v(d) = 3*d**2 + 6*d - d - d**2 + 1. List the prime factors of v(5).
2, 19
Suppose 3*q - 17 = -5*g, -3*g + q - 6 = -19. Suppose -5*b + g*b - 18 = 0. What